site number?
True
Is 981630229 a prime number?
True
Is 118638491 prime?
False
Is 30542011 a composite number?
False
Is 155371 a prime number?
True
Is 657911 a composite number?
False
Is 334080337 prime?
True
Is 31525247 composite?
True
Is 5661823 a composite number?
False
Is 8291443 prime?
True
Is 3348223 composite?
False
Is 18791683 a composite number?
True
Is 427012071 prime?
False
Is 112772717 prime?
True
Is 8497423 prime?
False
Is 23252947 a composite number?
False
Is 1403057 composite?
False
Is 8790781 a prime number?
True
Is 732521 a prime number?
True
Is 16083701 a prime number?
False
Is 3025031 a prime number?
False
Is 87428141 prime?
True
Is 13115229 composite?
True
Is 9246219 a composite number?
True
Is 1495063 a prime number?
True
Is 494370737 composite?
True
Is 7032667 a composite number?
False
Is 3744259 prime?
False
Is 374946959 a prime number?
True
Is 17423597 prime?
False
Is 21458951 composite?
True
Is 2964791 a composite number?
True
Is 252256033 composite?
False
Is 44374441 composite?
False
Is 2502947 a prime number?
False
Is 7688137 prime?
False
Is 12507581 a composite number?
True
Is 79366739 a prime number?
False
Is 3217429 a prime number?
True
Is 3842753 prime?
False
Is 102759583 a composite number?
True
Is 20002717 a composite number?
True
Is 200622283 prime?
True
Is 66946981 prime?
True
Is 37404241 prime?
False
Is 9853897 prime?
False
Is 41987461 a prime number?
True
Is 3168343 a prime number?
True
Is 141534697 prime?
False
Is 36741493 a composite number?
False
Is 4676129 prime?
False
Is 98108947 a prime number?
True
Is 2635643 composite?
False
Is 22830217 a prime number?
True
Is 5601293 a prime number?
True
Is 954461 prime?
True
Is 24629705 a prime number?
False
Is 3742007 a composite number?
True
Is 412891 composite?
False
Is 999041 a composite number?
True
Is 18375959 prime?
False
Is 44037619 prime?
False
Is 8260733 prime?
False
Is 426061 a prime number?
True
Is 1011719 composite?
False
Is 6560447 prime?
True
Is 63345839 composite?
True
Is 3512501 a composite number?
False
Is 50135957 prime?
True
Is 361763 composite?
False
Is 987199 composite?
False
Is 7401377 a composite number?
True
Is 14298783 a composite number?
True
Is 141266509 a prime number?
True
Is 333959 composite?
False
Is 8117717 composite?
False
Is 3063583 composite?
False
Is 20339197 a composite number?
False
Is 2818339 a composite number?
True
Is 540202478 composite?
True
Is 16010587 prime?
True
Is 3519433 prime?
True
Is 70359193 composite?
False
Is 120814819 a composite number?
False
Is 127637519 a prime number?
False
Is 488531621 a prime number?
False
Is 2827753 a composite number?
False
Is 6757033 a prime number?
True
Is 3868973 composite?
False
Is 136294667 prime?
True
Is 5565691 a composite number?
False
Is 1699601 composite?
True
Is 79933181 a composite number?
False
Is 8827031 a prime number?
True
Is 8958263 a composite number?
True
Is 507131 a composite number?
True
Is 20719499 a composite number?
False
Is 29547733 a prime number?
False
Is 3741997 composite?
True
Is 10900087 composite?
True
Is 84582709 prime?
True
Is 12718547 a prime number?
True
Is 19490529 composite?
True
Is 3596963 a prime number?
False
Is 3714307 prime?
True
Is 958469 a prime number?
False
Is 6158377 a composite number?
True
Is 1520401 composite?
False
Is 77921213 prime?
True
Is 426161 prime?
True
Is 3297053 prime?
False
Is 154504213 composite?
False
Is 29213713 a composite number?
False
Is 1026703 a composite number?
True
Is 153473893 a prime number?
False
Is 3920029 composite?
False
Is 382427 a prime number?
True
Is 15992579 a composite number?
True
Is 732261 prime?
False
Is 7917449 composite?
False
Is 877687 composite?
True
Is 1687087 composite?
False
Is 11214613 composite?
False
Is 23453357 prime?
False
Is 5912983 prime?
True
Is 8585329 a composite number?
True
Is 9617735 prime?
False
Is 1212241 composite?
False
Is 10208161 a composite number?
False
Is 5096759 prime?
True
Is 186837803 prime?
False
Is 49754769 a composite number?
True
Is 12797819 composite?
True
Is 97577627 a composite number?
True
Is 45541429 a prime number?
False
Is 677579 a composite number?
True
Is 11557099 a prime number?
True
Is 115171079 a prime number?
True
Is 21173851 a composite number?
True
Is 8387729 a composite number?
True
Is 2922833 a prime number?
True
Is 3191549 a prime number?
False
Is 1601399 composite?
False
Is 1954087 a prime number?
True
Is 12876467 prime?
True
Is 38385982 composite?
True
Is 145799747 a prime number?
True
Is 68932641 prime?
False
Is 89508031 composite?
True
Is 38665357 prime?
True
Is 3739697 a composite number?
True
Is 10561951 prime?
True
Is 40881581 a prime number?
False
Is 8384591 a composite number?
False
Is 677081689 composite?
False
Is 1497407 a composite number?
False
Is 32428961 a composite number?
True
Is 136261471 a composite number?
False
Is 4731203 a prime number?
False
Is 47371 prime?
False
Is 5539109 prime?
False
Is 12596105 composite?
True
Is 213403 a composite number?
True
Is 51019061 a prime number?
True
Is 2613407 composite?
True
Is 1717739 a composite number?
False
Is 26523499 a prime number?
True
Is 5333311 a prime number?
True
Is 424054259 a prime number?
True
Is 98297 a composite number?
False
Is 33567631 composite?
False
Is 40879 a prime number?
True
Is 24011677 a prime number?
True
Is 21531269 composite?
False
Is 310179957 a composite number?
True
Is 6290351 a composite number?
False
Is 237381037 a prime number?
False
Is 22520213 a prime number?
True
Is 1282051 a prime number?
True
Is 16901935 a prime number?
False
Is 12080543 composite?
True
Is 119712741 a prime number?
False
Is 64600657 a composite number?
True
Is 34303913 a prime number?
False
Is 4002797 a prime number?
True
Is 919859 a prime number?
True
Is 48977485 composite?
True
Is 74687729 a composite number?
True
Is 62747099 a composite number?
False
Is 10709029 prime?
True
Is 1432507 a composite number?
True
Is 13586269 prime?
True
Is 186931907 prime?
False
Is 347514971 prime?
True
Is 93498091 a composite number?
False
Is 65534641 prime?
False
Is 24971371 prime?
True
Is 14361803 composite?
True
Is 375223714 prime?
False
Is 111954169 a composite number?
False
Is 159020341 prime?
True
Is 15038735 a prime number?
False
Is 2575689 a composite number?
True
Is 922601 prime?
True
Is 9698321 prime?
True
Is 36739 prime?
True
Is 777073243 a composite number?
False
Is 130219897 composite?
True
Is 20631307 composite?
True
Is 1496673071 composite?
False
Is 3736589 prime?
True
Is 97772291 composite?
False
Is 15554873 a composite number?
True
Is 55773499 composite?
False
Is 17505731 a composite number?
True
Is 5448761 prime?
False
Is 10786019 a composite number?
False
Is 451849 a prime number?
False
Is 162333849 a prime number?
False
Is 2477171 a composite number?
False
Is 52412002 composite?
True
Is 574460713 a prime number?
True
Is 6114463 composite?
False
Is 33797251 prime?
True
Is 50186921 composite?
True
Is 20525753 prime?
True
Is 6835931 prime?
True
Is 11664263 a composite number?
True
Is 4318487 a composite number?
False
Is 2516339 prime?
False
Is 17162309 a composite number?
False
Is 679795937 composite?
False
Is 1792751 a composite number?
True
Is 454483 prime?
True
Is 2143147 prime?
True
Is 55414813 prime?
True
Is 131511281 a prime number?
False
Is 67117 prime?
False
Is 1403659 composite?
True
Is 97522673 prime?
True
Is 11234191 composite?
False
Is 662962133 prime?
True
Is 107205871 prime?
False
Is 112545709 a prime number?
True
Is 44911351 a prime number?
True
Is 154114383 prime?
False
Is 4204177 prime?
False
Is 41980907 prime?
True
Is 152452307 a composite number?
True
Is 18463069 a composite number?
True
Is 962981509 composite?
True
Is 27611291 composite?
True
Is 5326873 a prime number?
False
Is 12387721 prime?
False
Is 76309621 a prime number?
True
Is 283139 prime?
True
Is 59803823 a prime number?
True
Is 96210097 composite?
False
Is 4537373 composite?
False
Is 263696603 a composite number?
False
Is 7837301 a prime number?
True
Is 52449143 a prime number?
True
Is 22624349 prime?
False
Is 32092861 composite?
False
Is 325674689 a composite number?
False
Is 30099319 a composite number?
False
Is 115389991 prime?
False
Is 305378657 prime?
True
Is 42249854 a composite number?
True
Is 